{"id":658,"date":"2021-09-11T19:27:50","date_gmt":"2021-09-11T22:27:50","guid":{"rendered":"https:\/\/kendoonline.com.br\/?post_type=product&#038;p=658"},"modified":"2026-04-06T15:31:30","modified_gmt":"2026-04-06T18:31:30","slug":"shinai-voando-alto","status":"publish","type":"product","link":"https:\/\/kendoonline.com.br\/index.php\/product\/shinai-voando-alto\/","title":{"rendered":"SHINAI &#8220;Voando Alto&#8221; \u98db\u4e0a"},"content":{"rendered":"<blockquote>\n<p style=\"text-align: right;\">\n<\/blockquote>\n","protected":false},"excerpt":{"rendered":"<p>SHINAI &#8220;Voando Alto&#8221; \u00e9 um modelo especial, com empunhadura mais grossa, mais leve, acabamento refinado e balanceamento especial.<br \/>\nO centro de gravidade da espada est\u00e1 mais pr\u00f3ximo da guarda da espada, favorecendo a execu\u00e7\u00e3o correta das t\u00e9cnicas e colaborando na aplica\u00e7\u00e3o correta e m\u00ednima de for\u00e7a nos golpes, causando impacto menor sobre o advers\u00e1rio, menor desgaste f\u00edsico do praticante, e mais potencial para manter o corpo menos tenso e o esp\u00edrito mais alerta na luta.<\/p>\n<h4>Voando Alto 36 Xtreme<\/h4>\n<p>A variante &#8220;36 Xtreme&#8221; tem a caracter\u00edstica da ponta extra fina, especialmente apropriada para a pr\u00e1tica de NITO para praticantes intermedi\u00e1rios e avan\u00e7ados.<\/p>\n<p>Acompanha guarda (TSUBA) amarela e borracha fixadora (TSUBA DOME)<\/p>\n<p>Para iniciantes recomendamos consultar seu instrutor para indica\u00e7\u00e3o mais adequada de tamanho.<\/p>\n[elementor-template id=\"11510\"]\n","protected":false},"featured_media":4930,"template":"","meta":[],"product_brand":[],"product_cat":[32,77,33],"product_tag":[],"class_list":{"0":"post-658","1":"product","2":"type-product","3":"status-publish","4":"has-post-thumbnail","6":"product_cat-armas-de-treino","7":"product_cat-bambu","8":"product_cat-armas-ken","10":"first","11":"instock","12":"sale","13":"shipping-taxable","14":"purchasable","15":"product-type-variable","16":"has-default-attributes"},"_links":{"self":[{"href":"https:\/\/kendoonline.com.br\/index.php\/wp-json\/wp\/v2\/product\/658","targetHints":{"allow":["GET"]}}],"collection":[{"href":"https:\/\/kendoonline.com.br\/index.php\/wp-json\/wp\/v2\/product"}],"about":[{"href":"https:\/\/kendoonline.com.br\/index.php\/wp-json\/wp\/v2\/types\/product"}],"wp:featuredmedia":[{"embeddable":true,"href":"https:\/\/kendoonline.com.br\/index.php\/wp-json\/wp\/v2\/media\/4930"}],"wp:attachment":[{"href":"https:\/\/kendoonline.com.br\/index.php\/wp-json\/wp\/v2\/media?parent=658"}],"wp:term":[{"taxonomy":"product_brand","embeddable":true,"href":"https:\/\/kendoonline.com.br\/index.php\/wp-json\/wp\/v2\/product_brand?post=658"},{"taxonomy":"product_cat","embeddable":true,"href":"https:\/\/kendoonline.com.br\/index.php\/wp-json\/wp\/v2\/product_cat?post=658"},{"taxonomy":"product_tag","embeddable":true,"href":"https:\/\/kendoonline.com.br\/index.php\/wp-json\/wp\/v2\/product_tag?post=658"}],"curies":[{"name":"wp","href":"https:\/\/api.w.org\/{rel}","templated":true}]}}