{"id":638,"date":"2021-09-11T19:25:21","date_gmt":"2021-09-11T22:25:21","guid":{"rendered":"https:\/\/kendoonline.com.br\/?post_type=product&#038;p=638"},"modified":"2025-10-24T10:47:36","modified_gmt":"2025-10-24T13:47:36","slug":"shinai-kenshin","status":"publish","type":"product","link":"https:\/\/kendoonline.com.br\/index.php\/product\/shinai-kenshin\/","title":{"rendered":"SHINAI &#8220;KENSHIN&#8221; \u5263\u5fc3"},"content":{"rendered":"","protected":false},"excerpt":{"rendered":"<p>SHINAI &#8220;KENSHIN&#8221; \u00e9 um modelo especial, com empunhadura mais grossa, mais leve, acabamento refinado e balanceamento especial.<br \/>\nO centro de gravidade da espada est\u00e1 mais pr\u00f3ximo da guarda da espada, favorecendo a execu\u00e7\u00e3o correta das t\u00e9cnicas e colaborando na aplica\u00e7\u00e3o correta e m\u00ednima de for\u00e7a nos golpes, causando impacto menor sobre o advers\u00e1rio, menor desgaste f\u00edsico do praticante, e mais potencial para manter o corpo menos tenso e o esp\u00edrito mais alerta na luta.<\/p>\n<p>Acompanha guarda (TSUBA) amarela e borracha fixadora (TSUBA DOME)<\/p>\n<p>Para iniciantes recomendamos consultar seu instrutor para indica\u00e7\u00e3o mais adequada de tamanho.<\/p>\n[elementor-template id=\"11510\"]\n","protected":false},"featured_media":4894,"template":"","meta":[],"product_brand":[],"product_cat":[32,77,33],"product_tag":[],"class_list":{"0":"post-638","1":"product","2":"type-product","3":"status-publish","4":"has-post-thumbnail","6":"product_cat-armas-de-treino","7":"product_cat-bambu","8":"product_cat-armas-ken","10":"first","11":"outofstock","12":"shipping-taxable","13":"purchasable","14":"product-type-variable","15":"has-default-attributes"},"_links":{"self":[{"href":"https:\/\/kendoonline.com.br\/index.php\/wp-json\/wp\/v2\/product\/638","targetHints":{"allow":["GET"]}}],"collection":[{"href":"https:\/\/kendoonline.com.br\/index.php\/wp-json\/wp\/v2\/product"}],"about":[{"href":"https:\/\/kendoonline.com.br\/index.php\/wp-json\/wp\/v2\/types\/product"}],"wp:featuredmedia":[{"embeddable":true,"href":"https:\/\/kendoonline.com.br\/index.php\/wp-json\/wp\/v2\/media\/4894"}],"wp:attachment":[{"href":"https:\/\/kendoonline.com.br\/index.php\/wp-json\/wp\/v2\/media?parent=638"}],"wp:term":[{"taxonomy":"product_brand","embeddable":true,"href":"https:\/\/kendoonline.com.br\/index.php\/wp-json\/wp\/v2\/product_brand?post=638"},{"taxonomy":"product_cat","embeddable":true,"href":"https:\/\/kendoonline.com.br\/index.php\/wp-json\/wp\/v2\/product_cat?post=638"},{"taxonomy":"product_tag","embeddable":true,"href":"https:\/\/kendoonline.com.br\/index.php\/wp-json\/wp\/v2\/product_tag?post=638"}],"curies":[{"name":"wp","href":"https:\/\/api.w.org\/{rel}","templated":true}]}}