{"id":3,"date":"2021-08-25T20:46:51","date_gmt":"2021-08-25T23:46:51","guid":{"rendered":"http:\/\/kendoonline.com.br\/?page_id=3"},"modified":"2021-09-11T16:28:34","modified_gmt":"2021-09-11T19:28:34","slug":"politica-de-privacidade","status":"publish","type":"page","link":"https:\/\/kendoonline.com.br\/index.php\/politica-de-privacidade\/","title":{"rendered":"Pol\u00edtica de privacidade"},"content":{"rendered":"\t\t<div data-elementor-type=\"wp-page\" data-elementor-id=\"3\" class=\"elementor elementor-3\" data-elementor-post-type=\"page\">\n\t\t\t\t\t\t<section class=\"elementor-section elementor-top-section elementor-element elementor-element-54603034 elementor-section-boxed elementor-section-height-default elementor-section-height-default\" data-id=\"54603034\" data-element_type=\"section\">\n\t\t\t\t\t\t<div class=\"elementor-container elementor-column-gap-default\">\n\t\t\t\t\t<div class=\"elementor-column elementor-col-100 elementor-top-column elementor-element elementor-element-58539857\" data-id=\"58539857\" data-element_type=\"column\">\n\t\t\t<div class=\"elementor-widget-wrap elementor-element-populated\">\n\t\t\t\t\t\t<div class=\"elementor-element elementor-element-4c785ab7 elementor-widget elementor-widget-text-editor\" data-id=\"4c785ab7\" data-element_type=\"widget\" data-widget_type=\"text-editor.default\">\n\t\t\t\t<div class=\"elementor-widget-container\">\n\t\t\t\t\t\t\t\t\t<h2><b>Seguran\u00e7a nos seus dados.<\/b><\/h2>\n<p>Com rela\u00e7\u00e3o \u00e0 seguran\u00e7a no tr\u00e1fego de dados, toda transa\u00e7\u00e3o que envolver pagamento, seja por cart\u00e3o de cr\u00e9dito ou n\u00e3o, estar\u00e1 encriptada com a tecnologia SSL (<b>Secure Socket Layer<\/b>).<\/p>\n<p>A parte de pagamentos da Kendoonline por sua vez \u00e9 feita exclusivamente atrav\u00e9s da ferramenta PagSeguro.<\/p>\n<p>Isso significa que s\u00f3 a Kendoonline ter\u00e1 acesso a seus dados pessoais preenchidos. E nem mesmo a Kendoonline, por\u00e9m apenas o Pagseguro, ter\u00e1 acesso aos seus dados de pagamento.<\/p>\n<p>Voc\u00ea pode tirar suas <b>d\u00favidas sobre esse certificado<\/b> clicando no <b>cadeado<\/b> localizado no topo do seu navegador, ao lado da URL.<\/p>\n<p>A Kendoonline n\u00e3o utilizar\u00e1 ou compartilhar\u00e1 seus dados com nenhuma outra empresa, e tamb\u00e9m utiliza exclusivamente o sistema de pagamento PagSeguro para oferecer o m\u00e1ximo de privacidade e seguran\u00e7a aos seus clientes, contando a constante atualiza\u00e7\u00e3o dos procedimentos de privacidade e seguran\u00e7a que uma empresa de grande porte como a Pagseguro \u00e9 capaz de oferecer.<\/p>\n\t\t\t\t\t\t\t\t<\/div>\n\t\t\t\t<\/div>\n\t\t\t\t\t<\/div>\n\t\t<\/div>\n\t\t\t\t\t<\/div>\n\t\t<\/section>\n\t\t\t\t<\/div>\n\t\t","protected":false},"excerpt":{"rendered":"<p>Seguran\u00e7a nos seus dados. Com rela\u00e7\u00e3o \u00e0 seguran\u00e7a no tr\u00e1fego de dados, toda transa\u00e7\u00e3o que envolver pagamento, seja por cart\u00e3o de cr\u00e9dito ou n\u00e3o, estar\u00e1 encriptada com a tecnologia SSL (Secure Socket Layer). A parte de pagamentos da Kendoonline por sua vez \u00e9 feita exclusivamente atrav\u00e9s da ferramenta PagSeguro. Isso significa que s\u00f3 a Kendoonline [&hellip;]<\/p>\n","protected":false},"author":1,"featured_media":0,"parent":0,"menu_order":0,"comment_status":"closed","ping_status":"closed","template":"","meta":{"footnotes":""},"class_list":["post-3","page","type-page","status-publish","hentry"],"_links":{"self":[{"href":"https:\/\/kendoonline.com.br\/index.php\/wp-json\/wp\/v2\/pages\/3","targetHints":{"allow":["GET"]}}],"collection":[{"href":"https:\/\/kendoonline.com.br\/index.php\/wp-json\/wp\/v2\/pages"}],"about":[{"href":"https:\/\/kendoonline.com.br\/index.php\/wp-json\/wp\/v2\/types\/page"}],"author":[{"embeddable":true,"href":"https:\/\/kendoonline.com.br\/index.php\/wp-json\/wp\/v2\/users\/1"}],"replies":[{"embeddable":true,"href":"https:\/\/kendoonline.com.br\/index.php\/wp-json\/wp\/v2\/comments?post=3"}],"version-history":[{"count":6,"href":"https:\/\/kendoonline.com.br\/index.php\/wp-json\/wp\/v2\/pages\/3\/revisions"}],"predecessor-version":[{"id":550,"href":"https:\/\/kendoonline.com.br\/index.php\/wp-json\/wp\/v2\/pages\/3\/revisions\/550"}],"wp:attachment":[{"href":"https:\/\/kendoonline.com.br\/index.php\/wp-json\/wp\/v2\/media?parent=3"}],"curies":[{"name":"wp","href":"https:\/\/api.w.org\/{rel}","templated":true}]}}